{"id":9263,"date":"2024-04-24T13:35:03","date_gmt":"2024-04-24T16:35:03","guid":{"rendered":"https:\/\/bosquegurumi.com\/?post_type=product&#038;p=9263"},"modified":"2025-05-05T20:21:28","modified_gmt":"2025-05-05T23:21:28","slug":"himmel-amigurumi-frieren","status":"publish","type":"product","link":"https:\/\/bosquegurumi.com\/index.php\/produto\/himmel-amigurumi-frieren\/","title":{"rendered":"Himmel amigurumi (Frieren) PT\/ENG \u2022 pattern \u2022 receita de amigurumi"},"content":{"rendered":"<p style=\"text-align: center;\"><strong>Este produto N\u00c3O \u00e9 o boneco pronto, mas o arquivo em PDF para produzi-lo!<\/strong><\/p>\n<p>Receita para confec\u00e7\u00e3o do amigurumi fanart do <strong>Himmel<\/strong>, personagem do anime e mang\u00e1 &#8220;<strong>Frieren e a Jornada Para o Al\u00e9m&#8221; ou &#8220;Sousou no Frieren&#8221;<\/strong>.<\/p>\n<ul>\n<li>Padr\u00e3o em portugu\u00eas;<\/li>\n<li>Amigurumi em m\u00e9dia com 17cm (agulhas 2mm e 2,25mm);<\/li>\n<li>N\u00edvel de dificuldade intermedi\u00e1rio-avan\u00e7ado (amigurumi);<\/li>\n<li>Receitas com v\u00eddeos de apoio e fotos.<\/li>\n<\/ul>\n<p>Este e os demais PDFs n\u00e3o s\u00e3o enviados por e-mail! Fa\u00e7a o download do(s) arquivo(s) acessando Minha Conta \u300b Downloads.<\/p>\n<p><strong>Este e os demais padr\u00f5es deste site s\u00e3o de uso pessoal e exclusivo, sendo proibido compartilh\u00e1-los, vend\u00ea-los, troc\u00e1-los e\/ou distribu\u00ed-los por quaisquer meios. Ao adquiri-los, voc\u00ea concorda com tais termos e condi\u00e7\u00f5es de uso.<\/strong><\/p>\n<p style=\"text-align: center;\">______________________________________________<\/p>\n<p style=\"text-align: center;\"><strong>This product isn&#8217;t an amigurumi doll, but a PDF pattern to make it!<\/strong><\/p>\n<p style=\"text-align: center;\"><b>Himmel <\/b>amigurumi pattern from <strong>&#8220;Frieren: Beyond the Jorney&#8217;s End&#8221; \/ &#8220;Sousou no Frieren&#8221;.<\/strong><br \/>\nYou must<strong> <a href=\"https:\/\/bosquegurumi.com\/index.php\/minha-conta\/\">log in<\/a><\/strong> to buy the PDF and download it.<\/p>\n<ul>\n<li>The pattern language is English;<\/li>\n<li>PDFs contain detailed instructions to make the doll;<\/li>\n<li>List of materials and stitches used;<\/li>\n<li>Approximately 17cm (2mm and 2.25mm crochet hooks);<\/li>\n<li>Difficulty level: intermediate-advanced level (amigurumi doll).<\/li>\n<\/ul>\n<p>If you have doubts, you can <a href=\"https:\/\/bosquegurumi.com\/index.php\/contactus\/\">contact me<\/a>.<\/p>\n<p><strong>This pattern is for personal use only, which means it\u2019s forbidden to share or to sell the PDF.<\/strong><\/p>\n<p><strong>The file will be available for download after the payment. Access MY ACCOUNT (Minha Conta) &gt;&gt; DOWNLOADS to download it.<\/strong><\/p>\n<p>&nbsp;<\/p>\n<p>&nbsp;<\/p>\n","protected":false},"excerpt":{"rendered":"<p>Receita para confec\u00e7\u00e3o do amigurumi do <strong>Himmel<\/strong>, personagem da obra &#8220;<strong>Frieren e a Jornada Para o Al\u00e9m<\/strong>&#8220;. O PDF\/amigurumi conta(m) com:<\/p>\n<ul>\n<li>Cerca de 17cm (agulhas 2mm e 2,25mm);<\/li>\n<li>N\u00edvel de dificuldade intermedi\u00e1rio-avan\u00e7ado;<\/li>\n<li>Fotos e conte\u00fado detalhado;<\/li>\n<li>V\u00eddeos de apoio.<\/li>\n<\/ul>\n<p style=\"text-align: center;\">= = = = = = = = = = = =<\/p>\n<p><b>Himmel <\/b>inspired amigurumi pattern from &#8220;<strong>Frieren: Beyond the Jorney&#8217;s End<\/strong>&#8221; or &#8220;Sousou no Frieren&#8221;.<\/p>\n<ul>\n<li>Pattern in English;<\/li>\n<li>Amigurumi size: about 16cm (working with 2mm and 2.25mm crochet hooks);<\/li>\n<li>Difficulty level: intermediate-advanced level.<\/li>\n<\/ul>\n<p><strong>International purchases: payment via PayPal<\/strong><\/p>\n<p><em><strong>You must <a href=\"https:\/\/bosquegurumi.com\/index.php\/minha-conta\/\">log in<\/a> to buy the PDF(s) and download it<\/strong>.<\/em><\/p>\n<p>The file(s) will be available for download after the payment. Access MY ACCOUNT (Minha Conta) &gt;&gt; DOWNLOADS to download them.<\/p>\n<p>&nbsp;<\/p>\n<div id=\"malwarebytes-root\"><em><span style=\"text-decoration: underline;\">Note<\/span>: The price is in Brazilian real (BRA). The currency is converted by PayPal to your local currency during the checkout.\u00a0<\/em><\/div>\n<div>.<\/div>\n","protected":false},"featured_media":8967,"template":"","meta":{"om_disable_all_campaigns":false,"_monsterinsights_skip_tracking":false,"_monsterinsights_sitenote_active":false,"_monsterinsights_sitenote_note":"","_monsterinsights_sitenote_category":0},"product_brand":[],"product_cat":[40,24,53],"product_tag":[58,125,59],"class_list":{"0":"post-9263","1":"product","2":"type-product","3":"status-publish","4":"has-post-thumbnail","6":"product_cat-patterns","7":"product_cat-receitas","8":"product_cat-otaku","9":"product_tag-anime","10":"product_tag-frieren","11":"product_tag-manga","13":"first","14":"instock","15":"taxable","16":"shipping-taxable","17":"purchasable","18":"product-type-variable","19":"has-default-attributes"},"aioseo_notices":[],"_links":{"self":[{"href":"https:\/\/bosquegurumi.com\/index.php\/wp-json\/wp\/v2\/product\/9263","targetHints":{"allow":["GET"]}}],"collection":[{"href":"https:\/\/bosquegurumi.com\/index.php\/wp-json\/wp\/v2\/product"}],"about":[{"href":"https:\/\/bosquegurumi.com\/index.php\/wp-json\/wp\/v2\/types\/product"}],"wp:featuredmedia":[{"embeddable":true,"href":"https:\/\/bosquegurumi.com\/index.php\/wp-json\/wp\/v2\/media\/8967"}],"wp:attachment":[{"href":"https:\/\/bosquegurumi.com\/index.php\/wp-json\/wp\/v2\/media?parent=9263"}],"wp:term":[{"taxonomy":"product_brand","embeddable":true,"href":"https:\/\/bosquegurumi.com\/index.php\/wp-json\/wp\/v2\/product_brand?post=9263"},{"taxonomy":"product_cat","embeddable":true,"href":"https:\/\/bosquegurumi.com\/index.php\/wp-json\/wp\/v2\/product_cat?post=9263"},{"taxonomy":"product_tag","embeddable":true,"href":"https:\/\/bosquegurumi.com\/index.php\/wp-json\/wp\/v2\/product_tag?post=9263"}],"curies":[{"name":"wp","href":"https:\/\/api.w.org\/{rel}","templated":true}]}}