{"id":9244,"date":"2024-05-24T11:03:12","date_gmt":"2024-05-24T14:03:12","guid":{"rendered":"https:\/\/bosquegurumi.com\/?post_type=product&#038;p=9244"},"modified":"2026-04-01T12:35:32","modified_gmt":"2026-04-01T15:35:32","slug":"frieren-amigurumis","status":"publish","type":"product","link":"https:\/\/bosquegurumi.com\/index.php\/produto\/frieren-amigurumis\/","title":{"rendered":"E-book Frieren [PT\/ENG] amigurumi pattern bundle \u2022 receitas de amigurumi"},"content":{"rendered":"<p style=\"text-align: center;\"><strong>Estes produtos N\u00c3O S\u00c3O BONECOS, mas arquivos em PDF para confeccion\u00e1-los!<\/strong><\/p>\n<p>Receitas para confec\u00e7\u00e3o dos amigurumis fanart dos personagens <strong>Frieren, Fern, Stark e Himmel<\/strong>, do anime e mang\u00e1 <strong>&#8220;Frieren e a Jornada Para o Al\u00e9m&#8221; ou &#8220;Sousou no Frieren&#8221;.<\/strong><\/p>\n<ul>\n<li>Inclui receitas de acess\u00f3rios;<\/li>\n<li>Padr\u00f5es em portugu\u00eas;<\/li>\n<li>Amigurumis em m\u00e9dia com 15cm a 17cm (agulhas 2mm e 2,25mm);<\/li>\n<li>N\u00edveis de dificuldade: intermedi\u00e1rio a avan\u00e7ado;<\/li>\n<li>Receitas com v\u00eddeos de apoio e fotos.<\/li>\n<\/ul>\n<p>Este e os demais PDFs n\u00e3o s\u00e3o enviados por e-mail! Fa\u00e7a o download do(s) arquivo(s) acessando Minha Conta \u300b Downloads.<\/p>\n<p><strong>Este e os demais padr\u00f5es deste site s\u00e3o de uso pessoal e exclusivo, sendo proibido compartilh\u00e1-los, vend\u00ea-los, troc\u00e1-los e\/ou distribu\u00ed-los por quaisquer meios. Ao adquiri-los, voc\u00ea concorda com tais termos e condi\u00e7\u00f5es de uso.<\/strong><\/p>\n<p style=\"text-align: center;\">______________________________________________<\/p>\n<p style=\"text-align: center;\"><strong>These products aren&#8217;t amigurumi dolls, but PDF patterns to make them!<\/strong><\/p>\n<p style=\"text-align: center;\"><b>Frieren, Fern, Stark and Himmel <\/b>amigurumi patterns from<br \/>\n&#8220;Frieren: Beyond the Jorney&#8217;s End&#8221; \/ &#8220;Sousou no Frieren&#8221;.<br \/>\nYou must<strong> <a href=\"https:\/\/bosquegurumi.com\/index.php\/minha-conta\/\">log in<\/a><\/strong> to buy the PDFs and download them.<\/p>\n<ul>\n<li>The patterns language is English;<\/li>\n<li>PDFs contain detailed instructions to make the amigurumis;<\/li>\n<li>List of materials and stitches used;<\/li>\n<li>Approximately 15cm to 17cm (working with 2mm and 2.25mm crochet hooks);<\/li>\n<li>Difficulty level: intermediate\/advanced levels.<\/li>\n<\/ul>\n<p>If you have doubts, you can <a href=\"https:\/\/bosquegurumi.com\/index.php\/contactus\/\">contact me<\/a>.<\/p>\n<p><strong>These patterns are for personal use only, which means it\u2019s forbidden to share or to sell the PDFs.<\/strong><\/p>\n<p><strong>The files will be available for download after the payment. Access MY ACCOUNT (Minha Conta) &gt;&gt; DOWNLOADS to download them.<\/strong><\/p>\n<p>&nbsp;<\/p>\n<p>&nbsp;<\/p>\n","protected":false},"excerpt":{"rendered":"<p>Receita para confec\u00e7\u00e3o dos amigurumis de <strong>Frieren, Fern, Stark e Himmel<\/strong>, personagens da obra &#8220;Frieren e a Jornada Para o Al\u00e9m&#8221;.\u00a0<a href=\"https:\/\/bosquegurumi.com\/index.php\/produto-tag\/frieren\/\" target=\"_blank\" rel=\"noopener\"><span style=\"text-decoration: underline;\"><strong>Confira os padr\u00f5es individuais!<\/strong><\/span><\/a><\/p>\n<p>Os PDFs\/amigurumis contam com:<\/p>\n<ul>\n<li>Receitas de acess\u00f3rios;<\/li>\n<li>Cerca de 15cm a 17cm (agulhas 2mm e 2,25mm);<\/li>\n<li>N\u00edveis de dificuldade: intermedi\u00e1rio e\/ou avan\u00e7ado;<\/li>\n<li>Fotos e conte\u00fado detalhado;<\/li>\n<li>V\u00eddeos de apoio.<\/li>\n<\/ul>\n<p style=\"text-align: center;\">= = = = = = = = = = = =<\/p>\n<p><strong>Frieren, Fern, Stark and Himmel<\/strong> inspired amigurumi patterns from &#8220;Frieren: Beyond the Jorney&#8217;s End&#8221; or &#8220;Sousou no Frieren&#8221;. <a href=\"https:\/\/bosquegurumi.com\/index.php\/produto-tag\/frieren\/\" target=\"_blank\" rel=\"noopener\"><span style=\"text-decoration: underline;\"><strong>Check out the individual patterns!<\/strong><\/span><\/a><\/p>\n<ul>\n<li>Patterns in English;<\/li>\n<li>Amigurumi size: 15cm to 17cm (2mm and 2.25mm crochet hook);<\/li>\n<li>Difficulty level: intermediate\/advanced levels.<\/li>\n<\/ul>\n<p><strong>International purchases: payment via PayPal<\/strong><\/p>\n<p><em><strong>You must <a href=\"https:\/\/bosquegurumi.com\/index.php\/minha-conta\/\">log in<\/a> to buy the PDFs and download them<\/strong>.<\/em><\/p>\n<p>The files will be available for download after the payment. Access MY ACCOUNT (Minha Conta) &gt;&gt; DOWNLOADS to download them.<\/p>\n<p><em><span style=\"text-decoration: underline;\">Note<\/span>: The price is in Brazilian real (BRA). The currency is converted by PayPal to your local currency during the checkout.\u00a0<\/em><\/p>\n<div>.<\/div>\n","protected":false},"featured_media":13443,"template":"","meta":{"om_disable_all_campaigns":false,"_monsterinsights_skip_tracking":false,"_monsterinsights_sitenote_active":false,"_monsterinsights_sitenote_note":"","_monsterinsights_sitenote_category":0},"product_brand":[],"product_cat":[40,24,53],"product_tag":[58,126,125,59,60,173],"class_list":{"0":"post-9244","1":"product","2":"type-product","3":"status-publish","4":"has-post-thumbnail","6":"product_cat-patterns","7":"product_cat-receitas","8":"product_cat-otaku","9":"product_tag-anime","10":"product_tag-elfos","11":"product_tag-frieren","12":"product_tag-manga","13":"product_tag-otaku","14":"product_tag-promo2026","16":"first","17":"instock","18":"taxable","19":"shipping-taxable","20":"purchasable","21":"product-type-variable","22":"has-default-attributes"},"aioseo_notices":[],"_links":{"self":[{"href":"https:\/\/bosquegurumi.com\/index.php\/wp-json\/wp\/v2\/product\/9244","targetHints":{"allow":["GET"]}}],"collection":[{"href":"https:\/\/bosquegurumi.com\/index.php\/wp-json\/wp\/v2\/product"}],"about":[{"href":"https:\/\/bosquegurumi.com\/index.php\/wp-json\/wp\/v2\/types\/product"}],"wp:featuredmedia":[{"embeddable":true,"href":"https:\/\/bosquegurumi.com\/index.php\/wp-json\/wp\/v2\/media\/13443"}],"wp:attachment":[{"href":"https:\/\/bosquegurumi.com\/index.php\/wp-json\/wp\/v2\/media?parent=9244"}],"wp:term":[{"taxonomy":"product_brand","embeddable":true,"href":"https:\/\/bosquegurumi.com\/index.php\/wp-json\/wp\/v2\/product_brand?post=9244"},{"taxonomy":"product_cat","embeddable":true,"href":"https:\/\/bosquegurumi.com\/index.php\/wp-json\/wp\/v2\/product_cat?post=9244"},{"taxonomy":"product_tag","embeddable":true,"href":"https:\/\/bosquegurumi.com\/index.php\/wp-json\/wp\/v2\/product_tag?post=9244"}],"curies":[{"name":"wp","href":"https:\/\/api.w.org\/{rel}","templated":true}]}}