{"id":898,"date":"2021-11-26T10:06:58","date_gmt":"2021-11-26T13:06:58","guid":{"rendered":"https:\/\/bosquegurumi.com\/?post_type=product&#038;p=898"},"modified":"2025-11-25T16:31:33","modified_gmt":"2025-11-25T19:31:33","slug":"glinda-wicked-padraofanart","status":"publish","type":"product","link":"https:\/\/bosquegurumi.com\/index.php\/produto\/glinda-wicked-padraofanart\/","title":{"rendered":"Glinda Upland \/ Wicked \u2013 Receita de amigurumi fanart"},"content":{"rendered":"<p style=\"text-align: center;\"><strong>Esta \u00e9 uma receita FANART.<\/strong><br \/>\n<strong>Arquivo digital para confec\u00e7\u00e3o da pe\u00e7a e n\u00e3o o amigurumi pronto!<\/strong><\/p>\n<blockquote>\n<p style=\"text-align: center;\"><strong>&gt;&gt; This is a PDF file, it&#8217;s not a crochet doll! &lt;&lt;<\/strong><\/p>\n<\/blockquote>\n<p style=\"text-align: center;\"><strong><br \/>\n::: Vers\u00e3o 2024 (vestido rosa\/filme) :::<br \/>\n::: 2024 Version (pink dress\/movie version) :::<\/strong><\/p>\n<ul>\n<li>Language: English or Portuguese;<\/li>\n<li>PDF contains detailed instructions to make the amigurumis;<\/li>\n<li>Photos and videos to facilitate your work!<\/li>\n<li>List of materials and stitches used;<\/li>\n<li>Approximately 17cm (using 2mm hook size);<\/li>\n<li>Difficulty level: advanced level.<\/li>\n<\/ul>\n<p>&nbsp;<\/p>\n<ul>\n<li>Padr\u00e3o em portugu\u00eas ou ingl\u00eas;<\/li>\n<li>PDF com fotos e v\u00eddeos de apoio;<\/li>\n<li>Cerca de 17cm usando agulha 2mm;<\/li>\n<li>N\u00edvel de dificuldade avan\u00e7ado.<\/li>\n<\/ul>\n<p style=\"text-align: center;\"><strong>::: VERS\u00c3O 2021 (vestido azul\/teatro) :::<\/strong><\/p>\n<ul>\n<li>PDF com 24 p\u00e1ginas<\/li>\n<li>Mais de 80 fotos!<\/li>\n<li>1 v\u00eddeo de apoio<\/li>\n<li>Idioma: <strong>portugu\u00eas<\/strong><\/li>\n<li>Cerca de 20cm, dependendo do material e da agulha<\/li>\n<li>N\u00edvel de dificuldade: intermedi\u00e1rio<\/li>\n<\/ul>\n<p>Al\u00e9m disso, no arquivo digital voc\u00ea ainda encontra:<\/p>\n<ul>\n<li>Receitas dos acess\u00f3rios (colar, cajado e tiara)<\/li>\n<li>Instru\u00e7\u00f5es detalhadas para confec\u00e7\u00e3o da pe\u00e7a<\/li>\n<li>Informa\u00e7\u00f5es t\u00e9cnicas (materiais, abrevia\u00e7\u00f5es, etc)<\/li>\n<li>Op\u00e7\u00f5es de fios alternativos.<\/li>\n<\/ul>\n<p>Suporte dispon\u00edvel!<\/p>\n<p><strong>Ap\u00f3s a confirma\u00e7\u00e3o do pagamento, o arquivo digital ficar\u00e1 dispon\u00edvel para download na sua conta do <\/strong><strong>site na se\u00e7\u00e3o Minha Conta =&gt; Downloads.<\/strong><\/p>\n<p><strong>Padr\u00e3o de uso pessoal, individual e intransfer\u00edvel. Venda e\/ou compartilhamento s\u00e3o proibidos, seja <\/strong><strong>por meios eletr\u00f4nicos ou f\u00edsicos, de acordo com a lei de direitos autorais N\u00ba 9.610\/98. Ao realizar a <\/strong><strong>compra voc\u00ea concorda as referidas condi\u00e7\u00f5es de n\u00e3o compartilhamento.<\/strong><\/p>\n<p>&nbsp;<\/p>\n","protected":false},"excerpt":{"rendered":"<p>Padr\u00e3o digital para confec\u00e7\u00e3o do amigurumi fanart da personagem Glinda, de &#8220;Wicked&#8221;, musical da Broadway ganhador de 3 pr\u00eamios Tony. A obra, inspirada no livro de Gregory Maguire, ganhou uma vers\u00e3o para o cinema estrelada por Ariana Grande e Cynthia Erivo!<\/p>\n<p><strong>Vers\u00e3o 2021 (musical):<\/strong><\/p>\n<ul>\n<li><strong>Arquivo digital com 24 p\u00e1ginas<\/strong><\/li>\n<li><strong>Mais de 80 fotos!<\/strong><\/li>\n<li><strong>1 v\u00eddeo de apoio<\/strong><\/li>\n<li><strong>Idioma portugu\u00eas<\/strong><\/li>\n<li><strong>N\u00edvel de dificuldade: intermedi\u00e1rio<\/strong><\/li>\n<li><strong>Cerca de 20cm, dependendo do material e da agulha<\/strong><\/li>\n<\/ul>\n<p><strong>Vers\u00e3o 2024 (filme):<\/strong><\/p>\n<ul>\n<li>Pe\u00e7as de aprox. 17 cm usando agulhas 2mm e 2.25mm;<\/li>\n<li>N\u00edvel de dificuldade:avan\u00e7ado;<\/li>\n<li>PDF&#8217;s cont\u00eam instru\u00e7\u00f5es detalhadas para fazer os amigurumis;<\/li>\n<li>Fotos e v\u00eddeos de apoio!<\/li>\n<\/ul>\n","protected":false},"featured_media":903,"template":"","meta":{"om_disable_all_campaigns":false,"_monsterinsights_skip_tracking":false,"_monsterinsights_sitenote_active":false,"_monsterinsights_sitenote_note":"","_monsterinsights_sitenote_category":0},"product_brand":[],"product_cat":[24,37],"product_tag":[39,21,38,22],"class_list":{"0":"post-898","1":"product","2":"type-product","3":"status-publish","4":"has-post-thumbnail","6":"product_cat-receitas","7":"product_cat-musicais-receitas","8":"product_tag-bruxes","9":"product_tag-musicais","10":"product_tag-oz","11":"product_tag-wicked","13":"first","14":"instock","15":"taxable","16":"shipping-taxable","17":"purchasable","18":"product-type-variable","19":"has-default-attributes"},"aioseo_notices":[],"_links":{"self":[{"href":"https:\/\/bosquegurumi.com\/index.php\/wp-json\/wp\/v2\/product\/898","targetHints":{"allow":["GET"]}}],"collection":[{"href":"https:\/\/bosquegurumi.com\/index.php\/wp-json\/wp\/v2\/product"}],"about":[{"href":"https:\/\/bosquegurumi.com\/index.php\/wp-json\/wp\/v2\/types\/product"}],"wp:featuredmedia":[{"embeddable":true,"href":"https:\/\/bosquegurumi.com\/index.php\/wp-json\/wp\/v2\/media\/903"}],"wp:attachment":[{"href":"https:\/\/bosquegurumi.com\/index.php\/wp-json\/wp\/v2\/media?parent=898"}],"wp:term":[{"taxonomy":"product_brand","embeddable":true,"href":"https:\/\/bosquegurumi.com\/index.php\/wp-json\/wp\/v2\/product_brand?post=898"},{"taxonomy":"product_cat","embeddable":true,"href":"https:\/\/bosquegurumi.com\/index.php\/wp-json\/wp\/v2\/product_cat?post=898"},{"taxonomy":"product_tag","embeddable":true,"href":"https:\/\/bosquegurumi.com\/index.php\/wp-json\/wp\/v2\/product_tag?post=898"}],"curies":[{"name":"wp","href":"https:\/\/api.w.org\/{rel}","templated":true}]}}