{"id":8512,"date":"2024-01-24T14:29:00","date_gmt":"2024-01-24T17:29:00","guid":{"rendered":"https:\/\/bosquegurumi.com\/?post_type=product&#038;p=8512"},"modified":"2024-03-04T08:55:40","modified_gmt":"2024-03-04T11:55:40","slug":"meninas-malvadas-amigurumis","status":"publish","type":"product","link":"https:\/\/bosquegurumi.com\/index.php\/produto\/meninas-malvadas-amigurumis\/","title":{"rendered":"Meninas Malvadas [PT] receitas de amigurumis"},"content":{"rendered":"<p style=\"text-align: center;\"><strong>Estes produtos N\u00c3O S\u00c3O BONECAS PRONTAS, mas arquivos em PDF sobre como faz\u00ea-las!<\/strong><\/p>\n<p style=\"text-align: center;\"><strong>&#8220;Meninas Malvadas&#8221; receitas de amigurumis<br \/>\n<\/strong>Regina George, Cady Heron, Karen Smith &amp; Gretchen Wieners amigurumi fanarts<\/p>\n<ul>\n<li>Pe\u00e7as de aprox. 15 cm usando agulhas 2mm (corpo) e 2.25mm (cabe\u00e7a);<\/li>\n<li>N\u00edvel de dificuldade: intermedi\u00e1rio e\/ou avan\u00e7ado;<\/li>\n<li>PDF&#8217;s cont\u00eam instru\u00e7\u00f5es detalhadas para fazer os amigurumis;<\/li>\n<li>Centenas de fotos e v\u00eddeos de apoio!<\/li>\n<\/ul>\n<p>Suporte dispon\u00edvel!<\/p>\n<p><strong>Padr\u00f5es para uso exclusivamente pessoal, por isso \u00e9 proibido compartilhar, distribuir, doar ou revender os PDFs. Ao comprar o produto voc\u00ea concorda automaticamente com estes termos.<\/strong><\/p>\n<p><em>Os padr\u00f5es estar\u00e3o dispon\u00edveis para download ap\u00f3s o pagamento. Acesse MINHA CONTA &gt;&gt; DOWNLOAD para baix\u00e1-los.<\/em><\/p>\n","protected":false},"excerpt":{"rendered":"<p style=\"text-align: center;\"><strong>&#8220;Meninas Malvadas&#8221; receitas de amigurumis<br \/>\n<\/strong>Regina George, Cady Heron, Karen Smith &amp; Gretchen Wieners amigurumi fanarts<\/p>\n<ul>\n<li>Pe\u00e7as de aprox. 15 cm usando agulhas 2mm (corpo) e 2.25mm (cabe\u00e7a);<\/li>\n<li>N\u00edvel de dificuldade: intermedi\u00e1rio e\/ou avan\u00e7ado.<\/li>\n<\/ul>\n<p><a href=\"https:\/\/bosquegurumi.com\/index.php\/produto\/mean-girls-amigurumis\" target=\"_blank\" rel=\"noopener\">Check out the English patterns<\/a><\/p>\n<p><em>Os padr\u00f5es estar\u00e3o dispon\u00edveis para download ap\u00f3s o pagamento. Acesse MINHA CONTA &gt;&gt; DOWNLOAD para baix\u00e1-los.<\/em><\/p>\n<p>&nbsp;<\/p>\n","protected":false},"featured_media":8511,"template":"","meta":{"om_disable_all_campaigns":false,"_monsterinsights_skip_tracking":false,"_monsterinsights_sitenote_active":false,"_monsterinsights_sitenote_note":"","_monsterinsights_sitenote_category":0},"product_brand":[],"product_cat":[24,42],"product_tag":[55,122,123,103],"class_list":{"0":"post-8512","1":"product","2":"type-product","3":"status-publish","4":"has-post-thumbnail","6":"product_cat-receitas","7":"product_cat-filmes-serie","8":"product_tag-filmes","9":"product_tag-girls","10":"product_tag-mean-girls","11":"product_tag-movies","13":"first","14":"instock","15":"taxable","16":"shipping-taxable","17":"purchasable","18":"product-type-variable","19":"has-default-attributes"},"aioseo_notices":[],"_links":{"self":[{"href":"https:\/\/bosquegurumi.com\/index.php\/wp-json\/wp\/v2\/product\/8512","targetHints":{"allow":["GET"]}}],"collection":[{"href":"https:\/\/bosquegurumi.com\/index.php\/wp-json\/wp\/v2\/product"}],"about":[{"href":"https:\/\/bosquegurumi.com\/index.php\/wp-json\/wp\/v2\/types\/product"}],"wp:featuredmedia":[{"embeddable":true,"href":"https:\/\/bosquegurumi.com\/index.php\/wp-json\/wp\/v2\/media\/8511"}],"wp:attachment":[{"href":"https:\/\/bosquegurumi.com\/index.php\/wp-json\/wp\/v2\/media?parent=8512"}],"wp:term":[{"taxonomy":"product_brand","embeddable":true,"href":"https:\/\/bosquegurumi.com\/index.php\/wp-json\/wp\/v2\/product_brand?post=8512"},{"taxonomy":"product_cat","embeddable":true,"href":"https:\/\/bosquegurumi.com\/index.php\/wp-json\/wp\/v2\/product_cat?post=8512"},{"taxonomy":"product_tag","embeddable":true,"href":"https:\/\/bosquegurumi.com\/index.php\/wp-json\/wp\/v2\/product_tag?post=8512"}],"curies":[{"name":"wp","href":"https:\/\/api.w.org\/{rel}","templated":true}]}}