{"id":13899,"date":"2026-03-24T15:10:16","date_gmt":"2026-03-24T18:10:16","guid":{"rendered":"https:\/\/bosquegurumi.com\/?post_type=product&#038;p=13899"},"modified":"2026-04-07T16:11:57","modified_gmt":"2026-04-07T19:11:57","slug":"one-piece-amigurumis-receitas2","status":"publish","type":"product","link":"https:\/\/bosquegurumi.com\/index.php\/produto\/one-piece-amigurumis-receitas2\/","title":{"rendered":"One Piece amigurumis (Portugu\u00eas) Chopper, Sanji, Usopp"},"content":{"rendered":"<p style=\"text-align: center;\"><em>One Piece receitas de amigurumis<\/em><br \/>\n<em>One Piece padr\u00f5es de amigurumis<\/em><\/p>\n<p style=\"text-align: center;\"><strong>Estes produtos N\u00c3O S\u00c3O BONECOS PRONTOS, mas arquivos em PDF sobre como faz\u00ea-los!<\/strong><\/p>\n<p style=\"text-align: center;\"><a href=\"https:\/\/bosquegurumi.com\/index.php\/produto\/one-piece-receita-amigurumis\/\" target=\"_blank\" rel=\"noopener\"><span style=\"text-decoration: underline;\"><strong>Confira o Volume 1 e\/ou padr\u00f5es individuais<br \/>\nLuffy, Zoro e Nami<\/strong><\/span><\/a><\/p>\n<p style=\"text-align: center;\"><strong>Padr\u00f5es do Volume 2:<br \/>\n<\/strong>Chopper amigurumi,\u00a0 Sanji amigurumi, Usopp amigurumi<\/p>\n<ul>\n<li>Pe\u00e7as de aprox. 11 cm usando agulhas 2mm e\/ou 2,25mm;<\/li>\n<li>N\u00edvel de dificuldade: intermedi\u00e1rio e\/ou avan\u00e7ado;<\/li>\n<li>PDF&#8217;s cont\u00eam instru\u00e7\u00f5es detalhadas para fazer os amigurumis;<\/li>\n<li>Fotos e v\u00eddeos de apoio!<\/li>\n<\/ul>\n<p>Suporte dispon\u00edvel!<\/p>\n<p style=\"text-align: center;\"><a href=\"https:\/\/bosquegurumi.com\/index.php\/produto\/one-piece-amigurumis-english\/\" target=\"_blank\" rel=\"noopener\"><strong><span style=\"text-decoration: underline;\">&gt;&gt; Patterns available in English &lt;&lt;<\/span><\/strong><\/a><\/p>\n<p>Veja mais detalhes das pe\u00e7as: <span style=\"text-decoration: underline;\"><a href=\"https:\/\/www.youtube.com\/shorts\/8gMgOY6O3Ao\" target=\"_blank\" rel=\"noopener\">Chopper amigurumi<\/a><\/span><\/p>\n<p><strong>Padr\u00f5es para uso exclusivamente pessoal, por isso \u00e9 proibido compartilhar, distribuir, doar ou revender os PDFs. Ao comprar o produto voc\u00ea concorda automaticamente com estes termos.<\/strong><\/p>\n<p><em>Os padr\u00f5es estar\u00e3o dispon\u00edveis para download ap\u00f3s o pagamento e fim da pr\u00e9-venda. Acesse MINHA CONTA &gt;&gt; DOWNLOAD para baix\u00e1-los.<\/em><\/p>\n","protected":false},"excerpt":{"rendered":"<p style=\"text-align: center;\"><strong>One Piece Receitas de Amigurumis<\/strong><\/p>\n<p style=\"text-align: center;\"><b>PR\u00c9-VENDA!<br \/>\n<\/b><em>PDF Chopper liberado \/ Download em 10\/4: Sanji e Usopp<\/em><\/p>\n<p style=\"text-align: center;\"><strong>Padr\u00f5es do Volume 2:<br \/>\n<\/strong>Chopper amigurumi,\u00a0 Sanji amigurumi, Usopp amigurumi<\/p>\n<p style=\"text-align: center;\"><a href=\"https:\/\/bosquegurumi.com\/index.php\/produto\/one-piece-receita-amigurumis\/\" target=\"_blank\" rel=\"noopener\"><span style=\"text-decoration: underline;\"><strong>Confira o Volume 1 e\/ou padr\u00f5es individuais<br \/>\nLuffy, Zoro e Nami<\/strong><\/span><\/a><\/p>\n<p style=\"text-align: center;\"><a href=\"https:\/\/bosquegurumi.com\/index.php\/produto\/one-piece-amigurumis-english\/\" target=\"_blank\" rel=\"noopener\"><span style=\"text-decoration: underline;\"><strong>Check out the English patterns<\/strong><\/span><\/a><\/p>\n<ul>\n<li>Pe\u00e7as de aprox. 11 cm usando agulhas 2mm e\/ou 2,25mm;<\/li>\n<li>N\u00edvel de dificuldade: intermedi\u00e1rio e\/ou avan\u00e7ado;<\/li>\n<li>PDF&#8217;s com instru\u00e7\u00f5es detalhadas, fotos e v\u00eddeos de apoio.<\/li>\n<\/ul>\n<p><em>Os padr\u00f5es estar\u00e3o dispon\u00edveis para download ap\u00f3s o pagamento e fim da pr\u00e9-venda. Acesse MINHA CONTA &gt;&gt; DOWNLOAD para baix\u00e1-los.<\/em><\/p>\n<p>&nbsp;<\/p>\n","protected":false},"featured_media":13910,"template":"","meta":{"om_disable_all_campaigns":false,"_monsterinsights_skip_tracking":false,"_monsterinsights_sitenote_active":false,"_monsterinsights_sitenote_note":"","_monsterinsights_sitenote_category":0},"product_brand":[],"product_cat":[24,53],"product_tag":[137,58,59,72,111],"class_list":{"0":"post-13899","1":"product","2":"type-product","3":"status-publish","4":"has-post-thumbnail","6":"product_cat-receitas","7":"product_cat-otaku","8":"product_tag-137","9":"product_tag-anime","10":"product_tag-manga","11":"product_tag-minigurumi","12":"product_tag-one-piece","14":"first","15":"instock","16":"sale","17":"taxable","18":"shipping-taxable","19":"purchasable","20":"product-type-variable","21":"has-default-attributes"},"aioseo_notices":[],"_links":{"self":[{"href":"https:\/\/bosquegurumi.com\/index.php\/wp-json\/wp\/v2\/product\/13899","targetHints":{"allow":["GET"]}}],"collection":[{"href":"https:\/\/bosquegurumi.com\/index.php\/wp-json\/wp\/v2\/product"}],"about":[{"href":"https:\/\/bosquegurumi.com\/index.php\/wp-json\/wp\/v2\/types\/product"}],"wp:featuredmedia":[{"embeddable":true,"href":"https:\/\/bosquegurumi.com\/index.php\/wp-json\/wp\/v2\/media\/13910"}],"wp:attachment":[{"href":"https:\/\/bosquegurumi.com\/index.php\/wp-json\/wp\/v2\/media?parent=13899"}],"wp:term":[{"taxonomy":"product_brand","embeddable":true,"href":"https:\/\/bosquegurumi.com\/index.php\/wp-json\/wp\/v2\/product_brand?post=13899"},{"taxonomy":"product_cat","embeddable":true,"href":"https:\/\/bosquegurumi.com\/index.php\/wp-json\/wp\/v2\/product_cat?post=13899"},{"taxonomy":"product_tag","embeddable":true,"href":"https:\/\/bosquegurumi.com\/index.php\/wp-json\/wp\/v2\/product_tag?post=13899"}],"curies":[{"name":"wp","href":"https:\/\/api.w.org\/{rel}","templated":true}]}}