{"id":13784,"date":"2026-03-23T17:16:49","date_gmt":"2026-03-23T20:16:49","guid":{"rendered":"https:\/\/bosquegurumi.com\/?post_type=product&#038;p=13784"},"modified":"2026-05-02T17:20:56","modified_gmt":"2026-05-02T20:20:56","slug":"chopper-amigurumi-pattern","status":"publish","type":"product","link":"https:\/\/bosquegurumi.com\/index.php\/produto\/chopper-amigurumi-pattern\/","title":{"rendered":"Tony Tony Chopper amigurumi pattern \/ receita (English\/Portugu\u00eas) One Piece"},"content":{"rendered":"<p style=\"text-align: center;\"><em>Chopper amigurumi pattern \/ Tony Tony Chopper crochet doll<\/em><br \/>\n<em>Chopper receita de amigurumi \/ One Piece amigurumi<\/em><\/p>\n<p style=\"text-align: center;\"><strong>Este item n\u00e3o se trata das pe\u00e7as prontas, mas de arquivos em PDF para confec\u00e7\u00e3o dos amigurumis!<\/strong><\/p>\n<p style=\"text-align: center;\">Este produto re\u00fane padr\u00f5es em PDF para confec\u00e7\u00e3o de <strong>amigurumis fanarts<\/strong> inspirados no personagem <strong>Chopper<\/strong> de <strong>One Piece<\/strong>. <a href=\"https:\/\/www.instagram.com\/reel\/DWPVoF3j-Aw\/\" target=\"_blank\" rel=\"noopener\">Veja detalhes da pe\u00e7a!<\/a><\/p>\n<ul>\n<li style=\"text-align: left;\">Padr\u00f5es em portugu\u00eas;<\/li>\n<li style=\"text-align: left;\">Em m\u00e9dia 8cm (sem chap\u00e9u e usando agulha 2mm);<\/li>\n<li style=\"text-align: left;\">N\u00edvel de dificuldade: intermedi\u00e1rio;<\/li>\n<li style=\"text-align: left;\">Receitas com v\u00eddeos de apoio e fotos.<\/li>\n<\/ul>\n<p style=\"text-align: center;\"><a href=\"https:\/\/bosquegurumi.com\/index.php\/produto-tag\/one-piece\/\" target=\"_blank\" rel=\"noopener\"><strong><span style=\"text-decoration: underline;\">Confira a cole\u00e7\u00e3o de One Piece<\/span><\/strong><\/a><\/p>\n<p><strong>Ap\u00f3s a confirma\u00e7\u00e3o do pagamento, o(s) arquivo(s) digital(is) ficar\u00e1(\u00e3o) dispon\u00edvel(is) para download na sua conta do site na se\u00e7\u00e3o Minha conta &gt;&gt; Downloads .<\/strong><\/p>\n<p><strong>Este arquivo \u00e9 de uso pessoal, individual e intransfer\u00edvel. \u00c9 proibido revender, compartilhar ou distribuir o PDF por quaisquer meios, sejam f\u00edsicos ou digitais. Ao fazer a compra, voc\u00ea concordar com estes termos.<\/strong><\/p>\n<p style=\"text-align: center;\">____________________________________________________<\/p>\n<p style=\"text-align: center;\"><strong>These products aren\u2019t crochet dolls, but PDF patterns to make them!<\/strong><\/p>\n<p style=\"text-align: center;\">These are PDF files on how to make Chopper inspired amigurumis\/crochet dolls.<\/p>\n<p style=\"text-align: center;\">You must<strong> <span style=\"text-decoration: underline;\"><a href=\"https:\/\/bosquegurumi.com\/index.php\/minha-conta\/\">log in<\/a><\/span><\/strong> to buy the PDFs and download them.<\/p>\n<p style=\"text-align: center;\"><a href=\"https:\/\/bosquegurumi.com\/index.php\/produto-tag\/one-piece\/\" target=\"_blank\" rel=\"noopener\"><strong><span style=\"text-decoration: underline;\">Check out all the One Piece patterns!<\/span><\/strong><\/a><\/p>\n<ul>\n<li>The patterns language is English;<\/li>\n<li>Video tutorials and pictures to facilitate your work;<\/li>\n<li>List of materials and stitches used;<\/li>\n<li>Approximately ~8cm without the hat and using a 2mm crochet hook;<\/li>\n<li>Patterns level: intermediate level.<\/li>\n<\/ul>\n<p>If you have doubts, you can <a href=\"https:\/\/bosquegurumi.com\/index.php\/contactus\/\">contact me<\/a>.<\/p>\n<p>The price is in Brazilian Real. It&#8217;s converted by Paypal to your local currency during checkout.<\/p>\n<p><strong>The patterns are for personal use only, which means it\u2019s forbidden to share or to sell the PDFs.<\/strong><\/p>\n<p><strong>The files will be available to download after the payment. Access MY ACCOUNT (Minha Conta) &gt;&gt; DOWNLOADS to download them.<\/strong><\/p>\n","protected":false},"excerpt":{"rendered":"<p style=\"text-align: center;\"><span style=\"font-size: xx-small;\">Click on the USA flag on the top of the page to translate it to English<\/span><\/p>\n<p style=\"text-align: center;\">Receitas em PDF para confec\u00e7\u00e3o de amigurumis do<strong> Chopper, <\/strong>parte do <a href=\"https:\/\/bosquegurumi.com\/index.php\/produto\/one-piece-amigurumis-receitas2\/\" target=\"_blank\" rel=\"noopener\"><span style=\"text-decoration: underline;\">Volume 2 da cole\u00e7\u00e3o de One Piece<\/span><\/a>.<\/p>\n<p style=\"text-align: center;\"><a href=\"https:\/\/bosquegurumi.com\/index.php\/produto-tag\/one-piece\/\" target=\"_blank\" rel=\"noopener\"><span style=\"text-decoration: underline;\"><strong>Veja todos os padr\u00f5es de One Piece<\/strong><\/span><\/a><\/p>\n<ul>\n<li style=\"text-align: left;\">Padr\u00f5es em portugu\u00eas;<\/li>\n<li style=\"text-align: left;\">Em m\u00e9dia 8cm (sem chap\u00e9u e usando agulha 2mm);<\/li>\n<li style=\"text-align: left;\">N\u00edvel de dificuldade: intermedi\u00e1rio.<\/li>\n<\/ul>\n<p style=\"text-align: center;\">= = = = = = = = = = = = = = = = = =<\/p>\n<p style=\"text-align: center;\"><strong>Chopper<\/strong> amigurumi pattern (One Piece).<br \/>\nIt&#8217;s part of <a href=\"https:\/\/bosquegurumi.com\/index.php\/produto\/one-piece-amigurumis-english\/\" target=\"_blank\" rel=\"noopener\"><span style=\"text-decoration: underline;\"><strong>One Piece Pattern Bundle &#8211; Volume 2<\/strong><\/span><\/a> (Chopper, Sanji, Usopp).<\/p>\n<p style=\"text-align: center;\"><a href=\"https:\/\/bosquegurumi.com\/index.php\/produto\/one-piece-amigurumis-eng\/\" target=\"_blank\" rel=\"noopener\"><span style=\"text-decoration: underline;\"><strong>Luffy, Nami, Zoro patterns<\/strong><\/span><\/a><\/p>\n<ul>\n<li>Patterns in English;<\/li>\n<li>Size: about ~8cm without the hat and using a 2mm crochet hook;<\/li>\n<li>Difficulty level: intermediate level.<\/li>\n<\/ul>\n<p><strong>International purchases: payment via PayPal<\/strong><\/p>\n<p>The price is in Brazilian Real. It&#8217;s converted by Paypal to your local currency during checkout.<\/p>\n<p><em><strong>You must <a href=\"https:\/\/bosquegurumi.com\/index.php\/minha-conta\/\">log in<\/a> to buy the PDFs and download them<\/strong>. Access MY ACCOUNT (Minha Conta) &gt;&gt; DOWNLOADS to download them after the payment.<\/em><\/p>\n<div>.<\/div>\n","protected":false},"featured_media":13809,"template":"","meta":{"om_disable_all_campaigns":false,"_monsterinsights_skip_tracking":false,"_monsterinsights_sitenote_active":false,"_monsterinsights_sitenote_note":"","_monsterinsights_sitenote_category":0},"product_brand":[],"product_cat":[169,40,24],"product_tag":[137,58,176,59,111,60],"class_list":{"0":"post-13784","1":"product","2":"type-product","3":"status-publish","4":"has-post-thumbnail","6":"product_cat-celebridades","7":"product_cat-patterns","8":"product_cat-receitas","9":"product_tag-137","10":"product_tag-anime","11":"product_tag-chopper","12":"product_tag-manga","13":"product_tag-one-piece","14":"product_tag-otaku","16":"first","17":"instock","18":"taxable","19":"shipping-taxable","20":"purchasable","21":"product-type-variable","22":"has-default-attributes"},"aioseo_notices":[],"_links":{"self":[{"href":"https:\/\/bosquegurumi.com\/index.php\/wp-json\/wp\/v2\/product\/13784","targetHints":{"allow":["GET"]}}],"collection":[{"href":"https:\/\/bosquegurumi.com\/index.php\/wp-json\/wp\/v2\/product"}],"about":[{"href":"https:\/\/bosquegurumi.com\/index.php\/wp-json\/wp\/v2\/types\/product"}],"wp:featuredmedia":[{"embeddable":true,"href":"https:\/\/bosquegurumi.com\/index.php\/wp-json\/wp\/v2\/media\/13809"}],"wp:attachment":[{"href":"https:\/\/bosquegurumi.com\/index.php\/wp-json\/wp\/v2\/media?parent=13784"}],"wp:term":[{"taxonomy":"product_brand","embeddable":true,"href":"https:\/\/bosquegurumi.com\/index.php\/wp-json\/wp\/v2\/product_brand?post=13784"},{"taxonomy":"product_cat","embeddable":true,"href":"https:\/\/bosquegurumi.com\/index.php\/wp-json\/wp\/v2\/product_cat?post=13784"},{"taxonomy":"product_tag","embeddable":true,"href":"https:\/\/bosquegurumi.com\/index.php\/wp-json\/wp\/v2\/product_tag?post=13784"}],"curies":[{"name":"wp","href":"https:\/\/api.w.org\/{rel}","templated":true}]}}